{"id":403,"date":"2021-09-30T13:13:14","date_gmt":"2021-09-30T13:13:14","guid":{"rendered":"https:\/\/ffcgardcyclisme.fr\/?page_id=403"},"modified":"2021-12-23T13:57:59","modified_gmt":"2021-12-23T13:57:59","slug":"notre-equipe","status":"publish","type":"page","link":"https:\/\/ffcgardcyclisme.fr\/?page_id=403","title":{"rendered":"Notre \u00e9quipe"},"content":{"rendered":"\t\t<div data-elementor-type=\"wp-page\" data-elementor-id=\"403\" class=\"elementor elementor-403\">\n\t\t\t\t\t\t\t\t\t<section class=\"elementor-section elementor-top-section elementor-element elementor-element-deb93f1 elementor-section-boxed elementor-section-height-default elementor-section-height-default\" data-id=\"deb93f1\" data-element_type=\"section\">\n\t\t\t\t\t\t<div class=\"elementor-container elementor-column-gap-default\">\n\t\t\t\t\t<div class=\"elementor-column elementor-col-100 elementor-top-column elementor-element elementor-element-93b58b7\" data-id=\"93b58b7\" data-element_type=\"column\">\n\t\t\t<div class=\"elementor-widget-wrap\">\n\t\t\t\t\t\t\t\t\t<\/div>\n\t\t<\/div>\n\t\t\t\t\t\t\t<\/div>\n\t\t<\/section>\n\t\t\t\t<section class=\"elementor-section elementor-top-section elementor-element elementor-element-de01198 elementor-section-boxed elementor-section-height-default elementor-section-height-default\" data-id=\"de01198\" data-element_type=\"section\">\n\t\t\t\t\t\t<div class=\"elementor-container elementor-column-gap-default\">\n\t\t\t\t\t<div class=\"elementor-column elementor-col-100 elementor-top-column elementor-element elementor-element-2c41513\" data-id=\"2c41513\" data-element_type=\"column\">\n\t\t\t<div class=\"elementor-widget-wrap elementor-element-populated\">\n\t\t\t\t\t\t\t\t<div class=\"elementor-element elementor-element-e012002 elementor-widget elementor-widget-text-editor\" data-id=\"e012002\" data-element_type=\"widget\" data-widget_type=\"text-editor.default\">\n\t\t\t\t<div class=\"elementor-widget-container\">\n\t\t\t<style>\/*! elementor - v3.7.5 - 14-09-2022 *\/\n.elementor-widget-text-editor.elementor-drop-cap-view-stacked .elementor-drop-cap{background-color:#818a91;color:#fff}.elementor-widget-text-editor.elementor-drop-cap-view-framed .elementor-drop-cap{color:#818a91;border:3px solid;background-color:transparent}.elementor-widget-text-editor:not(.elementor-drop-cap-view-default) .elementor-drop-cap{margin-top:8px}.elementor-widget-text-editor:not(.elementor-drop-cap-view-default) .elementor-drop-cap-letter{width:1em;height:1em}.elementor-widget-text-editor .elementor-drop-cap{float:left;text-align:center;line-height:1;font-size:50px}.elementor-widget-text-editor .elementor-drop-cap-letter{display:inline-block}<\/style>\t\t\t\t<table border=\"0\" width=\"1065\" cellspacing=\"0\" cellpadding=\"0\">\n<tbody>\n<tr>\n<td align=\"center\" valign=\"top\">\n<p><strong><img loading=\"lazy\" src=\"https:\/\/saintmartindevalgalgues.org\/wp-content\/uploads\/2020\/06\/Claude-CERPEDES-150x150.png\" sizes=\"(max-width: 150px) 100vw, 150px\" srcset=\"https:\/\/saintmartindevalgalgues.org\/wp-content\/uploads\/2020\/06\/Claude-CERPEDES-150x150.png 150w, https:\/\/saintmartindevalgalgues.org\/wp-content\/uploads\/2020\/06\/Claude-CERPEDES-300x300.png 300w, https:\/\/saintmartindevalgalgues.org\/wp-content\/uploads\/2020\/06\/Claude-CERPEDES-90x90.png 90w, https:\/\/saintmartindevalgalgues.org\/wp-content\/uploads\/2020\/06\/Claude-CERPEDES-59x59.png 59w, https:\/\/saintmartindevalgalgues.org\/wp-content\/uploads\/2020\/06\/Claude-CERPEDES.png 600w, https:\/\/saintmartindevalgalgues.org\/wp-content\/uploads\/2020\/06\/Claude-CERPEDES-100x100.png 100w\" alt=\"\" width=\"131\" height=\"131\"><\/strong><\/p>\n<p><strong>Daniel MARCOUX<\/strong><\/p>\n<p>Pr\u00e9sident<\/p>\n<\/td>\n<td align=\"center\" valign=\"top\">\n<p><strong><img loading=\"lazy\" src=\"https:\/\/saintmartindevalgalgues.org\/wp-content\/uploads\/2020\/06\/Cedric-VALERO-150x150.png\" sizes=\"(max-width: 150px) 100vw, 150px\" srcset=\"https:\/\/saintmartindevalgalgues.org\/wp-content\/uploads\/2020\/06\/Cedric-VALERO-150x150.png 150w, https:\/\/saintmartindevalgalgues.org\/wp-content\/uploads\/2020\/06\/Cedric-VALERO-300x300.png 300w, https:\/\/saintmartindevalgalgues.org\/wp-content\/uploads\/2020\/06\/Cedric-VALERO-90x90.png 90w, https:\/\/saintmartindevalgalgues.org\/wp-content\/uploads\/2020\/06\/Cedric-VALERO-59x59.png 59w, https:\/\/saintmartindevalgalgues.org\/wp-content\/uploads\/2020\/06\/Cedric-VALERO.png 600w, https:\/\/saintmartindevalgalgues.org\/wp-content\/uploads\/2020\/06\/Cedric-VALERO-100x100.png 100w\" alt=\"\" width=\"128\" height=\"128\"><\/strong><\/p>\n<p><strong>Franck TAVARNER<\/strong><\/p>\n<p>Secr\u00e9taire G\u00e9n\u00e9ral<\/p>\n<\/td>\n<td align=\"center\" valign=\"top\">\n<p><img loading=\"lazy\" class=\"\" src=\"https:\/\/saintmartindevalgalgues.org\/wp-content\/uploads\/2020\/06\/Jennifer-WILLENS-150x150.png\" sizes=\"(max-width: 150px) 100vw, 150px\" srcset=\"https:\/\/saintmartindevalgalgues.org\/wp-content\/uploads\/2020\/06\/Jennifer-WILLENS-150x150.png 150w, https:\/\/saintmartindevalgalgues.org\/wp-content\/uploads\/2020\/06\/Jennifer-WILLENS-300x300.png 300w, https:\/\/saintmartindevalgalgues.org\/wp-content\/uploads\/2020\/06\/Jennifer-WILLENS-90x90.png 90w, https:\/\/saintmartindevalgalgues.org\/wp-content\/uploads\/2020\/06\/Jennifer-WILLENS-59x59.png 59w, https:\/\/saintmartindevalgalgues.org\/wp-content\/uploads\/2020\/06\/Jennifer-WILLENS.png 600w, https:\/\/saintmartindevalgalgues.org\/wp-content\/uploads\/2020\/06\/Jennifer-WILLENS-100x100.png 100w\" alt=\"\" width=\"178\" height=\"178\"><\/p>\n<p><strong>Nadia GAILLARD<\/strong><\/p>\n<p>Secr\u00e9taire Adjointe<\/p>\n<\/td>\n<td align=\"center\" valign=\"top\">\n<p><strong><img loading=\"lazy\" src=\"https:\/\/saintmartindevalgalgues.org\/wp-content\/uploads\/2020\/06\/Nordine-SEKARNA-150x150.png\" sizes=\"(max-width: 150px) 100vw, 150px\" srcset=\"https:\/\/saintmartindevalgalgues.org\/wp-content\/uploads\/2020\/06\/Nordine-SEKARNA-150x150.png 150w, https:\/\/saintmartindevalgalgues.org\/wp-content\/uploads\/2020\/06\/Nordine-SEKARNA-300x300.png 300w, https:\/\/saintmartindevalgalgues.org\/wp-content\/uploads\/2020\/06\/Nordine-SEKARNA-90x90.png 90w, https:\/\/saintmartindevalgalgues.org\/wp-content\/uploads\/2020\/06\/Nordine-SEKARNA-59x59.png 59w, https:\/\/saintmartindevalgalgues.org\/wp-content\/uploads\/2020\/06\/Nordine-SEKARNA.png 600w, https:\/\/saintmartindevalgalgues.org\/wp-content\/uploads\/2020\/06\/Nordine-SEKARNA-100x100.png 100w\" alt=\"\" width=\"150\" height=\"150\"><\/strong><\/p>\n<p><strong>Denis ORIVELLE<\/strong><\/p>\n<p>Tr\u00e9sorier&nbsp;<\/p>\n<\/td>\n<\/tr>\n<tr>\n<td align=\"center\" valign=\"top\">\n<p><strong><img loading=\"lazy\" src=\"https:\/\/saintmartindevalgalgues.org\/wp-content\/uploads\/2020\/06\/Ghislaine-VILLAESPESA-150x150.png\" sizes=\"(max-width: 150px) 100vw, 150px\" srcset=\"https:\/\/saintmartindevalgalgues.org\/wp-content\/uploads\/2020\/06\/Ghislaine-VILLAESPESA-150x150.png 150w, https:\/\/saintmartindevalgalgues.org\/wp-content\/uploads\/2020\/06\/Ghislaine-VILLAESPESA-300x300.png 300w, https:\/\/saintmartindevalgalgues.org\/wp-content\/uploads\/2020\/06\/Ghislaine-VILLAESPESA-90x90.png 90w, https:\/\/saintmartindevalgalgues.org\/wp-content\/uploads\/2020\/06\/Ghislaine-VILLAESPESA-59x59.png 59w, https:\/\/saintmartindevalgalgues.org\/wp-content\/uploads\/2020\/06\/Ghislaine-VILLAESPESA.png 600w, https:\/\/saintmartindevalgalgues.org\/wp-content\/uploads\/2020\/06\/Ghislaine-VILLAESPESA-100x100.png 100w\" alt=\"\" width=\"150\" height=\"150\"><\/strong><\/p>\n<p><b>Bernard CHLUDA<\/b><\/p>\n<p>Tr\u00e9sorier Adjoint<\/p>\n<\/td>\n<td align=\"center\" valign=\"top\">\n<p><strong><img loading=\"lazy\" src=\"https:\/\/saintmartindevalgalgues.org\/wp-content\/uploads\/2020\/06\/Gerard-PECON-150x150.png\" sizes=\"(max-width: 150px) 100vw, 150px\" srcset=\"https:\/\/saintmartindevalgalgues.org\/wp-content\/uploads\/2020\/06\/Gerard-PECON-150x150.png 150w, https:\/\/saintmartindevalgalgues.org\/wp-content\/uploads\/2020\/06\/Gerard-PECON-300x300.png 300w, https:\/\/saintmartindevalgalgues.org\/wp-content\/uploads\/2020\/06\/Gerard-PECON-90x90.png 90w, https:\/\/saintmartindevalgalgues.org\/wp-content\/uploads\/2020\/06\/Gerard-PECON-59x59.png 59w, https:\/\/saintmartindevalgalgues.org\/wp-content\/uploads\/2020\/06\/Gerard-PECON.png 600w, https:\/\/saintmartindevalgalgues.org\/wp-content\/uploads\/2020\/06\/Gerard-PECON-100x100.png 100w\" alt=\"\" width=\"150\" height=\"150\"><\/strong><\/p>\n<p><b>Patrice AFFLATET<\/b><\/p>\n<p>VTT<\/p>\n<\/td>\n<td align=\"center\" valign=\"top\">\n<p><strong><img loading=\"lazy\" src=\"https:\/\/saintmartindevalgalgues.org\/wp-content\/uploads\/2020\/06\/Peggy-MORSI-150x150.png\" sizes=\"(max-width: 150px) 100vw, 150px\" srcset=\"https:\/\/saintmartindevalgalgues.org\/wp-content\/uploads\/2020\/06\/Peggy-MORSI-150x150.png 150w, https:\/\/saintmartindevalgalgues.org\/wp-content\/uploads\/2020\/06\/Peggy-MORSI-300x300.png 300w, https:\/\/saintmartindevalgalgues.org\/wp-content\/uploads\/2020\/06\/Peggy-MORSI-90x90.png 90w, https:\/\/saintmartindevalgalgues.org\/wp-content\/uploads\/2020\/06\/Peggy-MORSI-59x59.png 59w, https:\/\/saintmartindevalgalgues.org\/wp-content\/uploads\/2020\/06\/Peggy-MORSI.png 600w, https:\/\/saintmartindevalgalgues.org\/wp-content\/uploads\/2020\/06\/Peggy-MORSI-100x100.png 100w\" alt=\"\" width=\"150\" height=\"150\"><\/strong><\/p>\n<p><strong>St\u00e9phane RODET<\/strong><\/p>\n<p>BMX<\/p>\n<\/td>\n<td align=\"center\" valign=\"top\">\n<p><strong><img loading=\"lazy\" src=\"https:\/\/saintmartindevalgalgues.org\/wp-content\/uploads\/2020\/06\/Sebastien-VOINDROT-150x150.png\" sizes=\"(max-width: 150px) 100vw, 150px\" srcset=\"https:\/\/saintmartindevalgalgues.org\/wp-content\/uploads\/2020\/06\/Sebastien-VOINDROT-150x150.png 150w, https:\/\/saintmartindevalgalgues.org\/wp-content\/uploads\/2020\/06\/Sebastien-VOINDROT-300x300.png 300w, https:\/\/saintmartindevalgalgues.org\/wp-content\/uploads\/2020\/06\/Sebastien-VOINDROT-90x90.png 90w, https:\/\/saintmartindevalgalgues.org\/wp-content\/uploads\/2020\/06\/Sebastien-VOINDROT-59x59.png 59w, https:\/\/saintmartindevalgalgues.org\/wp-content\/uploads\/2020\/06\/Sebastien-VOINDROT.png 600w, https:\/\/saintmartindevalgalgues.org\/wp-content\/uploads\/2020\/06\/Sebastien-VOINDROT-100x100.png 100w\" alt=\"\" width=\"150\" height=\"150\"><\/strong><\/p>\n<p><b>St\u00e9phanie WEISS<\/b><\/p>\n<p>F\u00e9minine&nbsp;<\/p>\n<p><\/p>\n<\/td>\n<\/tr>\n<tr>\n<td align=\"center\" valign=\"top\">\n<p><strong><img loading=\"lazy\" src=\"https:\/\/saintmartindevalgalgues.org\/wp-content\/uploads\/2020\/06\/Sandrine-LALLEMAND-150x150.png\" sizes=\"(max-width: 150px) 100vw, 150px\" srcset=\"https:\/\/saintmartindevalgalgues.org\/wp-content\/uploads\/2020\/06\/Sandrine-LALLEMAND-150x150.png 150w, https:\/\/saintmartindevalgalgues.org\/wp-content\/uploads\/2020\/06\/Sandrine-LALLEMAND-300x300.png 300w, https:\/\/saintmartindevalgalgues.org\/wp-content\/uploads\/2020\/06\/Sandrine-LALLEMAND-90x90.png 90w, https:\/\/saintmartindevalgalgues.org\/wp-content\/uploads\/2020\/06\/Sandrine-LALLEMAND-59x59.png 59w, https:\/\/saintmartindevalgalgues.org\/wp-content\/uploads\/2020\/06\/Sandrine-LALLEMAND.png 600w, https:\/\/saintmartindevalgalgues.org\/wp-content\/uploads\/2020\/06\/Sandrine-LALLEMAND-100x100.png 100w\" alt=\"\" width=\"150\" height=\"150\"><\/strong><\/p>\n<p><strong>Denis BOISSIERE<\/strong><\/p>\n<p>Sport Nature Loisirs<\/p>\n<\/td>\n<td align=\"center\" valign=\"top\">\n<p><strong><img loading=\"lazy\" src=\"https:\/\/saintmartindevalgalgues.org\/wp-content\/uploads\/2020\/06\/Max-BONNEFOUS-150x150.png\" sizes=\"(max-width: 150px) 100vw, 150px\" srcset=\"https:\/\/saintmartindevalgalgues.org\/wp-content\/uploads\/2020\/06\/Max-BONNEFOUS-150x150.png 150w, https:\/\/saintmartindevalgalgues.org\/wp-content\/uploads\/2020\/06\/Max-BONNEFOUS-300x300.png 300w, https:\/\/saintmartindevalgalgues.org\/wp-content\/uploads\/2020\/06\/Max-BONNEFOUS-90x90.png 90w, https:\/\/saintmartindevalgalgues.org\/wp-content\/uploads\/2020\/06\/Max-BONNEFOUS-59x59.png 59w, https:\/\/saintmartindevalgalgues.org\/wp-content\/uploads\/2020\/06\/Max-BONNEFOUS.png 600w, https:\/\/saintmartindevalgalgues.org\/wp-content\/uploads\/2020\/06\/Max-BONNEFOUS-100x100.png 100w\" alt=\"\" width=\"150\" height=\"150\"><\/strong><\/p>\n<p><strong>Lorenzo SERRES<br><\/strong><\/p>\n<p>Cadre Technique<\/p>\n<\/td>\n<td align=\"center\" valign=\"top\">\n<p><strong><img loading=\"lazy\" src=\"https:\/\/saintmartindevalgalgues.org\/wp-content\/uploads\/2020\/06\/Nicole-PALAT-150x150.png\" sizes=\"(max-width: 150px) 100vw, 150px\" srcset=\"https:\/\/saintmartindevalgalgues.org\/wp-content\/uploads\/2020\/06\/Nicole-PALAT-150x150.png 150w, https:\/\/saintmartindevalgalgues.org\/wp-content\/uploads\/2020\/06\/Nicole-PALAT-300x300.png 300w, https:\/\/saintmartindevalgalgues.org\/wp-content\/uploads\/2020\/06\/Nicole-PALAT-90x90.png 90w, https:\/\/saintmartindevalgalgues.org\/wp-content\/uploads\/2020\/06\/Nicole-PALAT-59x59.png 59w, https:\/\/saintmartindevalgalgues.org\/wp-content\/uploads\/2020\/06\/Nicole-PALAT.png 600w, https:\/\/saintmartindevalgalgues.org\/wp-content\/uploads\/2020\/06\/Nicole-PALAT-100x100.png 100w\" alt=\"\" width=\"150\" height=\"150\"><\/strong><\/p>\n<p><b>Claude ROBINE<\/b><\/p>\n<p>Arbitre<\/p>\n<\/td>\n<td align=\"center\" valign=\"top\">\n<p><strong><img loading=\"lazy\" src=\"https:\/\/saintmartindevalgalgues.org\/wp-content\/uploads\/2020\/06\/Jacques-THIERRY-150x150.png\" sizes=\"(max-width: 150px) 100vw, 150px\" srcset=\"https:\/\/saintmartindevalgalgues.org\/wp-content\/uploads\/2020\/06\/Jacques-THIERRY-150x150.png 150w, https:\/\/saintmartindevalgalgues.org\/wp-content\/uploads\/2020\/06\/Jacques-THIERRY-300x300.png 300w, https:\/\/saintmartindevalgalgues.org\/wp-content\/uploads\/2020\/06\/Jacques-THIERRY-90x90.png 90w, https:\/\/saintmartindevalgalgues.org\/wp-content\/uploads\/2020\/06\/Jacques-THIERRY-59x59.png 59w, https:\/\/saintmartindevalgalgues.org\/wp-content\/uploads\/2020\/06\/Jacques-THIERRY.png 600w, https:\/\/saintmartindevalgalgues.org\/wp-content\/uploads\/2020\/06\/Jacques-THIERRY-100x100.png 100w\" alt=\"\" width=\"150\" height=\"150\"><\/strong><\/p>\n<p><b>Christophe ESQUER<\/b><br><\/p><p>Membre&nbsp;<br><\/p>\n<\/td>\n<\/tr>\n<tr>\n<td align=\"center\" valign=\"top\">\n<p><strong><img loading=\"lazy\" src=\"https:\/\/saintmartindevalgalgues.org\/wp-content\/uploads\/2020\/06\/Vincent-MILLET-150x150.png\" sizes=\"(max-width: 150px) 100vw, 150px\" srcset=\"https:\/\/saintmartindevalgalgues.org\/wp-content\/uploads\/2020\/06\/Vincent-MILLET-150x150.png 150w, https:\/\/saintmartindevalgalgues.org\/wp-content\/uploads\/2020\/06\/Vincent-MILLET-300x300.png 300w, https:\/\/saintmartindevalgalgues.org\/wp-content\/uploads\/2020\/06\/Vincent-MILLET-90x90.png 90w, https:\/\/saintmartindevalgalgues.org\/wp-content\/uploads\/2020\/06\/Vincent-MILLET-59x59.png 59w, https:\/\/saintmartindevalgalgues.org\/wp-content\/uploads\/2020\/06\/Vincent-MILLET.png 600w, https:\/\/saintmartindevalgalgues.org\/wp-content\/uploads\/2020\/06\/Vincent-MILLET-100x100.png 100w\" alt=\"\" width=\"150\" height=\"150\"><\/strong><\/p>\n<p><strong>J\u00e9r\u00e9mie SERRES<\/strong><br><\/p><p>Membre<\/p>\n<\/td>\n<td align=\"center\" valign=\"top\">\n<p><img loading=\"lazy\" src=\"https:\/\/saintmartindevalgalgues.org\/wp-content\/uploads\/2020\/06\/Zora-HIDECHE-150x150.png\" sizes=\"(max-width: 150px) 100vw, 150px\" srcset=\"https:\/\/saintmartindevalgalgues.org\/wp-content\/uploads\/2020\/06\/Zora-HIDECHE-150x150.png 150w, https:\/\/saintmartindevalgalgues.org\/wp-content\/uploads\/2020\/06\/Zora-HIDECHE-300x300.png 300w, https:\/\/saintmartindevalgalgues.org\/wp-content\/uploads\/2020\/06\/Zora-HIDECHE-90x90.png 90w, https:\/\/saintmartindevalgalgues.org\/wp-content\/uploads\/2020\/06\/Zora-HIDECHE-59x59.png 59w, https:\/\/saintmartindevalgalgues.org\/wp-content\/uploads\/2020\/06\/Zora-HIDECHE.png 600w, https:\/\/saintmartindevalgalgues.org\/wp-content\/uploads\/2020\/06\/Zora-HIDECHE-100x100.png 100w\" alt=\"\" width=\"150\" height=\"150\"><\/p>\n<p><strong>Patrick HERSE<\/strong><br><\/p><p>Membre&nbsp;<\/p>\n<\/td>\n<td align=\"center\" valign=\"top\">\n<p><img loading=\"lazy\" src=\"https:\/\/saintmartindevalgalgues.org\/wp-content\/uploads\/2020\/06\/Sabrina-GUEY-150x150.png\" sizes=\"(max-width: 150px) 100vw, 150px\" srcset=\"https:\/\/saintmartindevalgalgues.org\/wp-content\/uploads\/2020\/06\/Sabrina-GUEY-150x150.png 150w, https:\/\/saintmartindevalgalgues.org\/wp-content\/uploads\/2020\/06\/Sabrina-GUEY-300x300.png 300w, https:\/\/saintmartindevalgalgues.org\/wp-content\/uploads\/2020\/06\/Sabrina-GUEY-90x90.png 90w, https:\/\/saintmartindevalgalgues.org\/wp-content\/uploads\/2020\/06\/Sabrina-GUEY-59x59.png 59w, https:\/\/saintmartindevalgalgues.org\/wp-content\/uploads\/2020\/06\/Sabrina-GUEY.png 600w, https:\/\/saintmartindevalgalgues.org\/wp-content\/uploads\/2020\/06\/Sabrina-GUEY-100x100.png 100w\" alt=\"\" width=\"150\" height=\"150\"><\/p>\n<p><strong>Julien MERLE<\/strong><\/p><p>Membre<strong><br><\/strong><\/p>\n<\/td>\n<td align=\"center\" valign=\"top\">\n<p><img loading=\"lazy\" src=\"https:\/\/saintmartindevalgalgues.org\/wp-content\/uploads\/2020\/06\/Daniel-ROUCOLLE-150x150.png\" sizes=\"(max-width: 150px) 100vw, 150px\" srcset=\"https:\/\/saintmartindevalgalgues.org\/wp-content\/uploads\/2020\/06\/Daniel-ROUCOLLE-150x150.png 150w, https:\/\/saintmartindevalgalgues.org\/wp-content\/uploads\/2020\/06\/Daniel-ROUCOLLE-300x300.png 300w, https:\/\/saintmartindevalgalgues.org\/wp-content\/uploads\/2020\/06\/Daniel-ROUCOLLE-90x90.png 90w, https:\/\/saintmartindevalgalgues.org\/wp-content\/uploads\/2020\/06\/Daniel-ROUCOLLE-59x59.png 59w, https:\/\/saintmartindevalgalgues.org\/wp-content\/uploads\/2020\/06\/Daniel-ROUCOLLE.png 600w, https:\/\/saintmartindevalgalgues.org\/wp-content\/uploads\/2020\/06\/Daniel-ROUCOLLE-100x100.png 100w\" alt=\"\" width=\"150\" height=\"150\"><\/p>\n<p><strong>Marc BENOIT&nbsp;<\/strong><br><\/p><p>Membre<\/p>\n<\/td>\n<\/tr>\n<tr>\n<td align=\"center\" valign=\"top\">\n<p><img loading=\"lazy\" src=\"https:\/\/saintmartindevalgalgues.org\/wp-content\/uploads\/2020\/06\/Jacques-CAMPANELLA-150x150.png\" sizes=\"(max-width: 150px) 100vw, 150px\" srcset=\"https:\/\/saintmartindevalgalgues.org\/wp-content\/uploads\/2020\/06\/Jacques-CAMPANELLA-150x150.png 150w, https:\/\/saintmartindevalgalgues.org\/wp-content\/uploads\/2020\/06\/Jacques-CAMPANELLA-300x300.png 300w, https:\/\/saintmartindevalgalgues.org\/wp-content\/uploads\/2020\/06\/Jacques-CAMPANELLA-90x90.png 90w, https:\/\/saintmartindevalgalgues.org\/wp-content\/uploads\/2020\/06\/Jacques-CAMPANELLA-59x59.png 59w, https:\/\/saintmartindevalgalgues.org\/wp-content\/uploads\/2020\/06\/Jacques-CAMPANELLA.png 600w, https:\/\/saintmartindevalgalgues.org\/wp-content\/uploads\/2020\/06\/Jacques-CAMPANELLA-100x100.png 100w\" alt=\"\" width=\"150\" height=\"150\"><\/p>\n<p><b>Alain RANC<\/b><\/p>\n<p>Membre<\/p>\n<\/td>\n<td align=\"center\" valign=\"top\">\n<p><img loading=\"lazy\" src=\"https:\/\/saintmartindevalgalgues.org\/wp-content\/uploads\/2020\/06\/Laurence-CHAPOUTOT-150x150.png\" sizes=\"(max-width: 150px) 100vw, 150px\" srcset=\"https:\/\/saintmartindevalgalgues.org\/wp-content\/uploads\/2020\/06\/Laurence-CHAPOUTOT-150x150.png 150w, https:\/\/saintmartindevalgalgues.org\/wp-content\/uploads\/2020\/06\/Laurence-CHAPOUTOT-300x300.png 300w, https:\/\/saintmartindevalgalgues.org\/wp-content\/uploads\/2020\/06\/Laurence-CHAPOUTOT-90x90.png 90w, https:\/\/saintmartindevalgalgues.org\/wp-content\/uploads\/2020\/06\/Laurence-CHAPOUTOT-59x59.png 59w, https:\/\/saintmartindevalgalgues.org\/wp-content\/uploads\/2020\/06\/Laurence-CHAPOUTOT.png 600w, https:\/\/saintmartindevalgalgues.org\/wp-content\/uploads\/2020\/06\/Laurence-CHAPOUTOT-100x100.png 100w\" alt=\"\" width=\"150\" height=\"150\"><\/p>\n<p><strong>David ROUAUD<\/strong><\/p>\n<p>Membre<\/p>\n<\/td>\n<td align=\"center\" valign=\"top\">&nbsp;<\/td>\n<td align=\"center\" valign=\"top\">&nbsp;<\/td>\n<\/tr>\n<tr>\n<td align=\"center\" valign=\"top\">&nbsp;<\/td>\n<td align=\"center\" valign=\"top\">&nbsp;<\/td>\n<td align=\"center\" valign=\"top\">&nbsp;<\/td>\n<td align=\"center\" valign=\"top\">&nbsp;<\/td>\n<\/tr>\n<tr>\n<td align=\"center\" valign=\"top\">&nbsp;<\/td>\n<td align=\"center\" valign=\"top\">&nbsp;<\/td>\n<td align=\"center\" valign=\"top\">&nbsp;<\/td>\n<\/tr>\n<\/tbody>\n<\/table>\t\t\t\t\t\t<\/div>\n\t\t\t\t<\/div>\n\t\t\t\t\t<\/div>\n\t\t<\/div>\n\t\t\t\t\t\t\t<\/div>\n\t\t<\/section>\n\t\t\t\t\t\t\t<\/div>\n\t\t","protected":false},"excerpt":{"rendered":"<p>Daniel MARCOUX Pr\u00e9sident Franck TAVARNER Secr\u00e9taire G\u00e9n\u00e9ral Nadia GAILLARD Secr\u00e9taire Adjointe Denis ORIVELLE Tr\u00e9sorier&nbsp; Bernard CHLUDA Tr\u00e9sorier Adjoint Patrice AFFLATET VTT St\u00e9phane RODET BMX St\u00e9phanie WEISS F\u00e9minine&nbsp; Denis BOISSIERE Sport Nature Loisirs Lorenzo SERRES Cadre Technique Claude ROBINE Arbitre Christophe ESQUER Membre&nbsp; J\u00e9r\u00e9mie SERRES Membre Patrick HERSE Membre&nbsp; Julien MERLE Membre Marc BENOIT&nbsp; Membre Alain [&hellip;]<\/p>\n","protected":false},"author":2,"featured_media":486,"parent":0,"menu_order":0,"comment_status":"closed","ping_status":"closed","template":"","meta":{"_mi_skip_tracking":false},"aioseo_notices":[],"_links":{"self":[{"href":"https:\/\/ffcgardcyclisme.fr\/index.php?rest_route=\/wp\/v2\/pages\/403"}],"collection":[{"href":"https:\/\/ffcgardcyclisme.fr\/index.php?rest_route=\/wp\/v2\/pages"}],"about":[{"href":"https:\/\/ffcgardcyclisme.fr\/index.php?rest_route=\/wp\/v2\/types\/page"}],"author":[{"embeddable":true,"href":"https:\/\/ffcgardcyclisme.fr\/index.php?rest_route=\/wp\/v2\/users\/2"}],"replies":[{"embeddable":true,"href":"https:\/\/ffcgardcyclisme.fr\/index.php?rest_route=%2Fwp%2Fv2%2Fcomments&post=403"}],"version-history":[{"count":14,"href":"https:\/\/ffcgardcyclisme.fr\/index.php?rest_route=\/wp\/v2\/pages\/403\/revisions"}],"predecessor-version":[{"id":765,"href":"https:\/\/ffcgardcyclisme.fr\/index.php?rest_route=\/wp\/v2\/pages\/403\/revisions\/765"}],"wp:featuredmedia":[{"embeddable":true,"href":"https:\/\/ffcgardcyclisme.fr\/index.php?rest_route=\/wp\/v2\/media\/486"}],"wp:attachment":[{"href":"https:\/\/ffcgardcyclisme.fr\/index.php?rest_route=%2Fwp%2Fv2%2Fmedia&parent=403"}],"curies":[{"name":"wp","href":"https:\/\/api.w.org\/{rel}","templated":true}]}}